{"id":54219,"date":"2024-05-13T09:20:16","date_gmt":"2024-05-13T09:20:16","guid":{"rendered":"https:\/\/www.sandersfeld-staplerservice.de\/?post_type=product&#038;p=54219"},"modified":"2024-05-13T09:20:16","modified_gmt":"2024-05-13T09:20:16","slug":"rechte-tuer-e20-386","status":"publish","type":"product","link":"https:\/\/www.sandersfeld-staplerservice.de\/?product=rechte-tuer-e20-386","title":{"rendered":"rechte T\u00fcr E20-386"},"content":{"rendered":"<p>rechte T\u00fcr f\u00fcr einen E20-386<\/p>\n","protected":false},"excerpt":{"rendered":"<p>Interne Nr.:A40075<\/p>\n","protected":false},"featured_media":54220,"template":"","meta":[],"product_cat":[117],"product_tag":[],"_links":{"self":[{"href":"https:\/\/www.sandersfeld-staplerservice.de\/index.php?rest_route=\/wp\/v2\/product\/54219"}],"collection":[{"href":"https:\/\/www.sandersfeld-staplerservice.de\/index.php?rest_route=\/wp\/v2\/product"}],"about":[{"href":"https:\/\/www.sandersfeld-staplerservice.de\/index.php?rest_route=\/wp\/v2\/types\/product"}],"wp:featuredmedia":[{"embeddable":true,"href":"https:\/\/www.sandersfeld-staplerservice.de\/index.php?rest_route=\/wp\/v2\/media\/54220"}],"wp:attachment":[{"href":"https:\/\/www.sandersfeld-staplerservice.de\/index.php?rest_route=%2Fwp%2Fv2%2Fmedia&parent=54219"}],"wp:term":[{"taxonomy":"product_cat","embeddable":true,"href":"https:\/\/www.sandersfeld-staplerservice.de\/index.php?rest_route=%2Fwp%2Fv2%2Fproduct_cat&post=54219"},{"taxonomy":"product_tag","embeddable":true,"href":"https:\/\/www.sandersfeld-staplerservice.de\/index.php?rest_route=%2Fwp%2Fv2%2Fproduct_tag&post=54219"}],"curies":[{"name":"wp","href":"https:\/\/api.w.org\/{rel}","templated":true}]}}